- 2. Suppose 0 = 2*p + 6 + 2. Calculate g(p).
7
Suppose 3*t + 3*o + 12 = 0, 3*t + o - 3*o - 8 = 0. Let h(p) = -7*p**3 + p. Let f be h(-1). Let m(i) = f + 4*i - 4*i - i. Calculate m(t).
6
Let g(n) = n**2 - 7*n + 1. Let l = 7 - 3. Suppose -3*c = 15, l*f + 3*c - 10 - 3 = 0. Calculate g(f).
1
Let n(q) be the second derivative of q**4/12 - 5*q**3/6 + 3*q**2/2 + 2*q. Calculate n(3).
-3
Let o(y) = 2*y + 4. Let w be o(-2). Let f(u) be the second derivative of w - 1/2*u**3 + u**2 - 2*u. Calculate f(3).
-7
Let k(x) = -x - 4. Let n(o) = 1 + 3*o + o**2 + 1 - 10*o. Suppose -m - 24 = -5*m. Let h be n(m). Determine k(h).
0
Suppose -s = 2*o - 1, -s = -2*o + o - 1. Let w(c) = -c**2 - c - 11. Determine w(o).
-11
Let a(u) be the third derivative of -u**5/60 + 5*u**4/24 - u**3/2 + 30*u**2. Determine a(2).
3
Let p(u) = -u**2 - 5*u + 3. Let k be p(-5). Let y(s) = -5*s**2 + k*s + 0 - 3 + 4*s**3 - 3*s**3. Give y(2).
-9
Let n(j) = j - 7. Let d(i) = -i + 6. Let b(m) = -6*d(m) - 5*n(m). Calculate b(7).
6
Let l(z) = 2*z - 2 - z**2 - 4*z + 2*z - 8*z. Let u be l(-7). Let f(d) = d**3 - 5*d**2 + 5. What is f(u)?
5
Let i(x) = 7*x**2 - 5*x - 3. Let o be (-36)/10 + (-4)/10. Let r(v) = -6*v**2 + 4*v + 2. Let f(b) = o*r(b) - 3*i(b). Calculate f(2).
11
Let z(n) = -3*n - 9 - n**3 + n**2 + 2*n + 2*n. Determine z(0).
-9
Let g(r) = -10*r**2 - 13*r**2 - 8*r**2 - 5*r - r**3 + 2 + 36*r**2. Let d be (4 - -2) + (0 - 0). Suppose 2*j = -s - 3, -s = -4*s - 5*j - d. Determine g(s).
5
Let c(u) be the third derivative of u**5/60 - 5*u**4/24 + u**3/2 - 72*u**2. Let v = -1 + 4. Calculate c(v).
-3
Suppose u + 4*n - 3 = n, -3*u = -3*n - 21. Let w(d) = -d**3 + 5*d**2 + d + 5. What is w(u)?
-25
Let l(k) = k**3 - 2*k. Suppose -4*r - 3*i - 52 = i, -4*i = -4*r - 60. Let m = 8 + r. Let b(a) = -a**2 - 7*a - 4. Let v be b(m). Determine l(v).
4
Let a(p) be the first derivative of -4 - 1/3*p**3 - 1/12*p**4 + p**2 + 0*p. Let y(q) be the second derivative of a(q). Determine y(-4).
6
Let b(m) = -m**2 + 5*m. Let k be b(6). Let o(p) = p. Let w(z) = -5*z - 4. Let n(x) = k*o(x) - w(x). Determine n(-4).
8
Let a(j) = -3*j**3 - 2*j**2 - 7*j + 1. Let i(w) = -w**3 - w**2 - w + 1. Let f(k) = -a(k) + 4*i(k). Let d be (-6)/(-4)*(-8)/6. Calculate f(d).
-3
Let c(p) = -2*p**2 + 2*p + 3. Let i be 34/3 - (-8)/12. Suppose 7*l + i = 3*l. Let j = 0 - l. What is c(j)?
-9
Let o be 2/(-6) - 38/(-6). Let h(t) = -t**3 + 5*t**2 + 6*t + 3. Let j be h(o). Let r(x) = j*x + 3 - 1 - 7*x. Calculate r(2).
-6
Let j(c) = -c**3 - 5*c**2 - 4. Suppose 13 = -3*r - 2. Let o be j(r). Let h(a) = 2*a + 2. Calculate h(o).
-6
Let k(g) be the third derivative of -g**4/12 + 10*g**2. Determine k(3).
-6
Suppose -y + 2*v = 3, 2*y = -0*v + 3*v - 7. Let o(q) be the third derivative of -4*q**2 + 0 + 0*q + 1/12*q**4 + 5/6*q**3. What is o(y)?
-5
Let x(n) = n**2 + 7*n - 2. Let h be x(-6). Let t = 10 + h. Let m(d) = -1 - 4 + d**t - 3*d - 1 + 4. Determine m(4).
2
Let s(l) = -l + 3. Let k(g) be the first derivative of -g**4/4 + 4*g**3/3 - g**2/2 - 3*g - 2. Let t be k(3). Let j be s(t). Let x(a) = -a + 5. Calculate x(j).
5
Let o(l) = 2*l + 7. Suppose -3*a - 10 + 19 = 0. Suppose f = 4*d + 2, a*d = 2*f - 0*d + 6. Determine o(f).
-5
Let m(o) be the third derivative of o**6/720 + o**5/120 - o**4/6 + 4*o**2. Let t(i) be the second derivative of m(i). Determine t(4).
5
Let j(r) be the third derivative of -r**4/12 - 2*r**3/3 - 7*r**2. Give j(6).
-16
Let j = -10 + 12. Let o(g) = -5*g - 6*g**j + 0*g**2 + 7*g**2. Give o(4).
-4
Let j(q) be the second derivative of -1/12*q**4 - 1/2*q**3 + 0 + 3*q - q**2. Let v = -8 + 4. Give j(v).
-6
Let k(j) = j**3 + 4*j**2 + j. Let q be (-1)/2*(2 - -2). Let c = -7 + 11. Let r be (q/(-1))/((-2)/c). Determine k(r).
-4
Let r be 2*(-1)/2*1. Let h(i) = 19*i**2. Let v(f) = -3*f**2. Suppose -125 = -5*g + 70. Let p(s) = g*v(s) + 6*h(s). Calculate p(r).
-3
Let v(x) = 9*x**2 + 2*x - 4. Let w(n) = 17*n**2 + 4*n - 7. Let g(u) = 5*v(u) - 3*w(u). Determine g(1).
-7
Let u(l) = -l + 4*l - 3*l + 4*l. Let i be 4/(-14) + 16/7. Let z be (2/3)/(i/3). Determine u(z).
4
Let k(t) = -3*t + 3*t + 5*t**2 + 1. Let m be (2 - (-21)/(-9))*3*-1. Determine k(m).
6
Let j(r) = -3*r. Let g(c) = -10*c**2 + 24*c - 24. Let d(z) = -7*z**2 + 16*z - 16. Let s(v) = -7*d(v) + 5*g(v). Let x be s(6). Give j(x).
-12
Let b(v) = -v. Let h(s) = 5*s + 1. Let n(a) = 10*a + 3. Let p be (2/4)/(1/(-10)). Let m(f) = p*h(f) + 3*n(f). Let i(u) = 4*b(u) + m(u). Calculate i(-3).
1
Let y(p) = 8*p**2 - p + 20. Let m(t) = -3*t**2 - 7. Let d(f) = 11*m(f) + 4*y(f). Suppose 2*a + 2 + 6 = 0. Determine d(a).
3
Let c = -4 + 7. Let h(d) = 0 + 2*d**2 - 4 + 5 - d - d**c. Determine h(1).
1
Let p(k) = 2*k. Let n(i) = -10*i - 1. Let f(c) = 2*n(c) + 11*p(c). Suppose -s + 0*s = -3*l + 13, 2*s = -3*l + 1. Determine f(l).
4
Let p(b) = b**3 - 6*b**2 + 8*b - 7. Let y be p(5). Let d = -13 + y. Let o(q) = 0 + 6 + 5*q - 3*q. Calculate o(d).
-4
Let z be (((-4)/(-14))/(-2))/((-8)/28). Let t(w) be the second derivative of -z*w**2 - 2*w + 1/2*w**3 + 0. Determine t(3).
8
Let z = -93 - -91. Let m(o) = -13*o. What is m(z)?
26
Let r(i) = i + 1. Let t(k) be the second derivative of 7*k**3/6 + 3*k**2 + k. Let a(d) = 5*r(d) - t(d). Determine a(1).
-3
Let y be (-28)/(-3) + (-8)/(-12). Suppose -2*m + 0*m = y. Let o(i) = 4*i**2 + i + 8. Let t(z) = z**2 - z + 1. Let h(a) = -o(a) + 3*t(a). Determine h(m).
-10
Let d(q) be the second derivative of q**3 + 5/2*q**2 + 0 - 1/20*q**5 + q - 1/4*q**4. What is d(-4)?
-3
Let p(m) be the first derivative of -1/4*m**4 - 2*m**2 - 3 + 0*m + 4/3*m**3. Let c = 4 + -1. What is p(c)?
-3
Let a be ((-12)/(-15))/(4/10). Let z(c) = -6 + 0*c**2 + c**a - 3*c - 2*c**2 - 4*c. What is z(-6)?
0
Let z(r) = r**3 - 10*r**2 + r - 6. Let j be z(10). Let o(f) = -j*f**2 - 1 - f**2 + f + 7*f**2 - f**2. Determine o(2).
5
Let h(q) = 5*q**3 - q**2. Let y = -71 - -70. Determine h(y).
-6
Let k(y) = -5*y**2 - 15*y + 6. Let n = 20 + -12. Let r(p) = -2*p**2 - 5*p + 2. Let i(z) = n*r(z) - 3*k(z). What is i(2)?
4
Let q(l) be the second derivative of l**3 - 1/20*l**5 + l + 0 + 4*l**2 + 5/12*l**4. What is q(6)?
8
Suppose 5*m = 5*k, 0*m + m = 5*k + 20. Let d(c) = -5*c**3 - 10*c**2 - 5*c + 1. Let g(j) = -4*j**3 - 9*j**2 - 5*j. Let n(t) = 3*d(t) - 4*g(t). What is n(k)?
3
Let o(l) = l**2 + 3*l - 3*l + 1 - 3. Suppose -4*c + 0 + 12 = 0. Give o(c).
7
Suppose -1 - 3 = -2*k. Let g(v) = 5 - 2*v**2 + 0*v**2 + v**k - 1. What is g(-3)?
-5
Let r(h) = h + 3. Let d(m) = m**2 - 3*m + 1. Let v be d(4). Let t(z) = z + 2. Let u(x) = v*t(x) - 3*r(x). What is u(-1)?
-1
Let j(w) be the second derivative of -1/720*w**6 - w + 0*w**3 - 1/120*w**5 - 1/12*w**4 + 0 + 0*w**2. Let r(q) be the third derivative of j(q). What is r(-5)?
4
Let r(z) be the first derivative of -z**7/840 - z**6/360 - z**5/120 - z**4/24 - 5*z**3/3 - 5. Let m(k) be the third derivative of r(k). What is m(-1)?
0
Let c(b) = 0 - 1 + b + 2 + 4. Let l be c(-6). Let r(k) = 0 + 3*k - 6 + 5. Calculate r(l).
-4
Let t(g) = g**3 + 3*g**2 + 3*g. Let o(i) = i**2 - 5*i - 8. Let b be (-2)/6 + 57/9. Let u be o(b). Let l be t(u). Let q(y) = -y + 1. Determine q(l).
3
Let m(w) = -7*w - 3. Let n be (-2)/(-4) + 39/(-6). Let h(r) = 6*r + 2. Let p(j) = n*h(j) - 5*m(j). Suppose 0 = -f + 4*y, -2*y - 5 = -5*f + 13. What is p(f)?
-1
Let p be 18/4*(-2 + 0). Let h be p/(-6)*4/6. Let n(g) = 8*g**2 + g - 1. Calculate n(h).
8
Let y(i) = -i**2 + 5*i - 1. Let t(d) = -2*d - 4. Let h be t(-3). Suppose o = -9*a + 4*a - 7, h*a - 2 = -2*o. Give y(o).
5
Let y(w) = -17*w - 16. Let z(t) = -3*t - 3. Let f(u) = 2*y(u) - 11*z(u). Give f(-1).
2
Suppose 35 - 34 = -k. Let p(s) = 15*s - 1. What is p(k)?
-16
Let x be (-220)/(-22)*(-1)/2. Let d(z) = z - 2. What is d(x)?
-7
Suppose -8 = -2*s, s - 4 = x - 4*x. Let m(u) = u**2 - u - 1. Determine m(x).
-1
Suppose 3*w - 5*n + 11 = 0, 4*n = -0*w - w + 19. Let s(p) = -w*p + 3 - 3 - 1 - 4. Give s(-4).
7
Let d(c) = -c**2 - 4*c + 7. Let s be d(-5). Let h(k) be the second derivative of 2*k + 0*k**s - 1/12*k**4 + 9/20*k**5 + 0 - 1/6*k**3. Determine h(-1).
-9
Let c(m) be the first derivative of m**2 - 2*m - 8. What is c(-2)?
-6
Let y(o) = 6*o**3 + 6*o**2 + 12*o - 2. Let i(f) = -5*f**3 - 6*f**2 - 11*f + 1. Let g(b) = 5*i(b) + 4*y(b). What is g(-5)?
7
Let r be 0 - (-2 - 3/(-1)). Let w(y) = -2*y**2. What is w(r